 are the prime factors of 288208454?
2, 19, 71, 106823
What are the prime factors of 2040763?
127, 16069
List the prime factors of 2831813186.
2, 2399, 590207
What are the prime factors of 47893674?
2, 3, 29, 275251
List the prime factors of 56093039.
56093039
List the prime factors of 24775422.
2, 3, 7, 37, 107, 149
What are the prime factors of 1278685756?
2, 319671439
What are the prime factors of 554477556?
2, 3, 61, 233, 3251
What are the prime factors of 3563475?
3, 5, 47513
What are the prime factors of 52749079?
17, 61, 50867
List the prime factors of 51772359.
3, 19, 908287
List the prime factors of 48446638.
2, 43, 433, 1301
List the prime factors of 406408941.
3, 3583, 4201
List the prime factors of 1156755332.
2, 15091, 19163
List the prime factors of 427587264.
2, 3, 13, 17, 3359
List the prime factors of 33243589.
397, 83737
List the prime factors of 1458931536.
2, 3, 29, 41, 8521
What are the prime factors of 476968818?
2, 3, 19, 4183937
List the prime factors of 1173233073.
3, 391077691
List the prime factors of 4213259001.
3, 7, 66877127
List the prime factors of 15422961.
3, 17, 302411
What are the prime factors of 229863802?
2, 7, 29, 2789
List the prime factors of 1753615908.
2, 3, 11, 4428323
What are the prime factors of 24318628?
2, 6079657
What are the prime factors of 1160403960?
2, 3, 5, 2969, 3257
What are the prime factors of 3120881841?
3, 7, 11, 19, 421, 563
List the prime factors of 178634733.
3, 47, 1266913
What are the prime factors of 3943094759?
2399, 1643641
List the prime factors of 2110235265.
3, 5, 211, 222247
What are the prime factors of 2592604693?
7, 167, 337, 6581
What are the prime factors of 77993176?
2, 19, 263, 1951
What are the prime factors of 52810797?
3, 13, 541, 2503
List the prime factors of 78928721.
883, 89387
List the prime factors of 2610670986.
2, 3, 7, 11, 69763
List the prime factors of 2138867595.
3, 5, 29, 353, 4643
What are the prime factors of 543083857?
83, 6543179
List the prime factors of 1725115207.
23, 75005009
List the prime factors of 493837290.
2, 3, 5, 1829027
What are the prime factors of 1901770529?
839, 2266711
What are the prime factors of 74564648?
2, 269, 34649
What are the prime factors of 1562528340?
2, 3, 5, 31, 3011
List the prime factors of 57207777.
3, 11, 1733569
What are the prime factors of 1160764276?
2, 7, 23, 131, 13759
List the prime factors of 5883077379.
3, 23, 43, 1982837
What are the prime factors of 368352256?
2, 359719
What are the prime factors of 199397829?
3, 47, 67, 21107
List the prime factors of 1839009705.
3, 5, 13, 37, 254887
List the prime factors of 1040952.
2, 3, 11, 3943
List the prime factors of 357023780.
2, 5, 17851189
List the prime factors of 350110074.
2, 3, 19, 161639
List the prime factors of 35124406.
2, 269, 65287
List the prime factors of 97188128.
2, 61, 49789
List the prime factors of 2272695928.
2, 41, 6928951
List the prime factors of 166648481.
37, 4504013
List the prime factors of 234545262.
2, 3, 7, 797773
What are the prime factors of 190043558?
2, 95021779
List the prime factors of 476618147.
476618147
List the prime factors of 99965713.
107, 934259
What are the prime factors of 51484081?
11, 4680371
List the prime factors of 27373543.
27373543
List the prime factors of 371788558.
2, 751, 247529
List the prime factors of 122826600.
2, 3, 5, 13, 29, 181
What are the prime factors of 1074671749?
19, 1913, 29567
List the prime factors of 1273763722.
2, 7, 11, 101, 11699
List the prime factors of 30538479.
3, 29, 173, 2029
What are the prime factors of 610801667?
7, 1223, 71347
What are the prime factors of 1182948011?
7, 168992573
List the prime factors of 1609423834.
2, 804711917
What are the prime factors of 143934712?
2, 2789, 6451
List the prime factors of 211413757.
43, 311, 15809
List the prime factors of 2258255247.
3, 227, 3316087
List the prime factors of 690504834.
2, 3, 421, 273359
List the prime factors of 958142543.
577, 1660559
What are the prime factors of 4678219854?
2, 3, 7, 11, 29, 3527
What are the prime factors of 59504054?
2, 53, 561359
List the prime factors of 99381781.
23, 269, 16063
List the prime factors of 165497442.
2, 3, 11, 491, 5107
List the prime factors of 2998631937.
3, 7, 142791997
What are the prime factors of 26590029?
3, 8863343
List the prime factors of 1121084534.
2, 37, 15149791
List the prime factors of 2548067978.
2, 421, 797, 3797
What are the prime factors of 748170459?
3, 17, 43, 37907
What are the prime factors of 166704688?
2, 41, 199, 1277
What are the prime factors of 3184429?
41, 101, 769
What are the prime factors of 435785055?
3, 5, 17, 1708961
What are the prime factors of 733945315?
5, 151, 972113
What are the prime factors of 74397228?
2, 3, 1949, 3181
What are the prime factors of 2337307398?
2, 3, 43, 3019777
What are the prime factors of 4735508?
2, 1183877
What are the prime factors of 1398859420?
2, 5, 7, 19, 525887
What are the prime factors of 133689353?
7, 73, 397, 659
List the prime factors of 582215657.
43, 13539899
List the prime factors of 506735238.
2, 3, 31, 2724383
What are the prime factors of 286530240?
2, 3, 5, 17, 97, 181
List the prime factors of 35798953.
5233, 6841
List the prime factors of 149805229.
7, 21400747
What are the prime factors of 372816587?
11, 13, 2607109
List the prime factors of 2852442667.
20177, 141371
List the prime factors of 36338699.
37, 167, 5881
List the prime factors of 1325380802.
2, 662690401
What are the prime factors of 1904200201?
1904200201
List the prime factors of 168624222.
2, 3, 13, 2161849
List the prime factors of 6691467866.
2, 23563, 141991
What are the prime factors of 358976092?
2, 89744023
List the prime factors of 2053837714.
2, 1026918857
List the prime factors of 102641586.
2, 3, 491, 34841
What are the prime factors of 3014076662?
2, 29, 3917, 13267
List the prime factors of 152090461.
37, 4110553
List the prime factors of 14684754.
2, 3, 7, 349637
List the prime factors of 5517184435.
5, 7, 157633841
List the prime factors of 77271251.
31, 149, 16729
What are the prime factors of 1221586?
2, 17, 19, 31, 61
What are the prime factors of 6423092906?
2, 3211546453
List the prime factors of 1603118702.
2, 801559351
List the prime factors of 2364133386.
2, 3, 394022231
What are the prime factors of 210631791?
3, 73, 961789
What are the prime factors of 82969236?
2, 3, 7, 329243
List the prime factors of 1267288733.
19, 43, 1087, 1427
What are the prime factors of 2000480123?
631, 3170333
What are the prime factors of 925451407?
925451407
List the prime factors of 22815980.
2, 5, 11, 137, 757
List the prime factors of 210451004.
2, 139, 378509
What are the prime factors of 3136972578?
2, 3, 503, 1039421
List the prime factors of 224762642.
2, 13, 37, 233641
What are the prime factors of 46584951?
3, 7, 2218331
List the prime factors of 1080558310.
2, 5, 13, 19, 437473
List the prime factors of 101752715.
5, 229, 88867
List the prime factors of 36374313.
3, 12124771
List the prime factors of 41515964.
2, 7, 139, 10667
List the prime factors of 2313955327.
29, 79791563
List the prime factors of 85152203.
41, 47, 44189
List the prime factors of 5542531660.
2, 5, 1117, 248099
List the prime factors of 593772057.
3, 1877, 35149
List the prime factors of 894720329.
83, 293, 36791
List the prime factors of 107768311.
7, 15395473
List the prime factors of 23088627.
3, 2565403
What are the prime factors of 179437419?
3, 7, 2848213
What are the prime factors of 186404207?
11, 16945837
List the prime factors of 232296850.
2, 5, 19, 439, 557
What are the prime factors of 97655209?
29, 3367421
What are the prime factors of 78221133?
3, 229, 4217
List the prime factors of 314542313.
17, 18502489
List the prime factors of 486173782.
2, 61, 3985031
List the prime factors of 89651424.
2, 3, 19, 23, 2137
What are the prime factors of 22830371?
17, 1342963
List the prime factors of 266388030.
2, 3, 5, 2959867
List the prime factors of 2896449594.
2, 3, 59, 138679
List the prime factors of 2599221164.
2, 29, 31, 59, 12251
List the prime factors of 56032811.
56032811
List the prime factors of 878504545.
5, 349, 503441
List the prime factors of 54955439.
7, 11, 619, 1153
List the prime factors of 4969804515.
3, 5, 13,